 - j + 2 = 0. Calculate the greatest common factor of 30 and i.
15
Suppose 10*c = 567 + 433. Calculate the greatest common factor of c and 10.
10
Suppose 2*v + 5*d - 2 = 0, -7*v = -2*v - 5*d - 40. Let o be -2 + 0 + 2*2. Let k be 3*2/(o - 0). Calculate the greatest common factor of k and v.
3
Let m be -3 + (-2 - -1) + 0. Let h be (-3)/(-1)*(-4)/m. Suppose t - u - 13 = 0, h*t + 39 = 6*t - u. What is the highest common factor of 65 and t?
13
Suppose 0 = 3*l, -k + 3*k - 30 = -5*l. What is the greatest common divisor of 45 and k?
15
Let g = 8 + 7. Suppose 4*r = -0*r + 12. Suppose -5*x - 30 = -w, 6*w + r*x - 66 = w. What is the greatest common divisor of g and w?
15
Suppose 0 = -q, 5*v - 4*v = 2*q + 4. Suppose -2 - 2 = -v*u. Let n be ((-5)/(-15))/(u/78). Calculate the highest common factor of n and 13.
13
Suppose 5*d = 3*x - 4*x + 84, d + 5*x - 36 = 0. Suppose -3*b + 2*s + 50 = 0, s + 49 = 4*b - b. Calculate the greatest common divisor of d and b.
16
Let k(c) = -13*c - 2 + 2*c + 2*c - 4. Let x be k(-8). Calculate the highest common divisor of 11 and x.
11
Let m(i) = 31*i**2 - 3*i - 2. Let t be m(-1). Calculate the highest common factor of t and 32.
32
Let g(b) = b**2 + 5*b + 3. Let l be g(-7). Let c(j) = -22*j - 6. Let m be c(-3). Suppose -m - 195 = -5*d. What is the highest common factor of l and d?
17
Suppose l = -2*i - 2*i - 5, -5*l = -3*i - 90. Let t = -152 - -287. What is the greatest common factor of t and l?
15
Let a be (-12)/(5 + 47/(-9)). Calculate the highest common divisor of a and 36.
18
Let d be (4 - 2 - 0) + 1. Suppose 3*u + d*g - 183 = 0, -2*g = 4*u - 6*g - 236. What is the greatest common divisor of u and 40?
20
Let i = -2 - -4. Let h be i - 3 - (-2 - 11). What is the highest common factor of h and 30?
6
Let v(h) = 2*h**2 - 5*h + 5. Let s be v(2). Suppose -3*f + 39 = 2*d, 0 = d + 4*d + 2*f - 103. Calculate the highest common divisor of d and s.
3
Suppose 0 = -2*n - 5 + 49. Calculate the greatest common divisor of n and 154.
22
Let u = -20 - -23. Calculate the greatest common divisor of u and 9.
3
Let m(k) = 3*k**2 - 8*k - 5. Let n be m(6). Suppose -13*z = -392 + 106. Calculate the highest common factor of z and n.
11
Suppose -2*b - 7 = 3*h, b + 5 = -0*b. What is the highest common factor of h and 3?
1
Let z be (-56)/(-8)*1/7*24. What is the highest common divisor of z and 8?
8
Let a(p) = -20*p - 2. Let u be a(-1). Let o be 2/6 + 984/u. What is the highest common divisor of o and 11?
11
Let f(k) = -k**2 - 5*k + 4. Let j be f(-5). Suppose -j*a + 27 = -3*a - 3*q, 4*a = -2*q + 66. What is the highest common divisor of 6 and a?
6
Let z(n) = -19*n + 2. Let k be z(-1). Let c = k - 5. What is the highest common factor of 2 and c?
2
Let m be 45 + -1 - (-3 + 7). Calculate the greatest common divisor of 440 and m.
40
Let s(u) = 79*u**2 - u. Let v be s(-1). Suppose 4*y + 20 = -4*h + 76, -5*y - 3*h + 74 = 0. Calculate the greatest common factor of v and y.
16
Suppose 79 = 4*i - 5*u, -2*i + 35 = -4*u + 3*u. What is the greatest common factor of i and 8?
8
Suppose -d - 347 = -3*c, c + 228 = 3*c - 4*d. What is the greatest common divisor of c and 29?
29
Suppose 44 = z - 21. What is the highest common factor of z and 26?
13
Let u = -7 - -14. Let p be (-14)/7 - 60/(-2). Calculate the greatest common divisor of p and u.
7
Let l be 0/(-2*2) + 4. Let v(a) = 2*a**2 - 2*a + 4. Let m be v(4). What is the highest common factor of m and l?
4
Suppose w + 0*f - 15 = 4*f, 5*w - 15 = 5*f. Let l be (w - -5*3)/2. Calculate the highest common divisor of 63 and l.
7
Suppose -4*a - 132 = -4*f, -f + 2*f - 49 = 5*a. Suppose -61 = -5*v + f. Let z(s) = 25*s - 6. Let p be z(6). What is the highest common divisor of v and p?
18
Let k(w) = -w - 1. Let f be k(-2). Let c = f - -2. Let s(g) = 4*g**2 - 2*g + 2. Let j be s(c). Calculate the greatest common divisor of j and 48.
16
Suppose -x = 4*x. Suppose x*t = 3*t - 15. Suppose -t*u + 222 = -53. What is the highest common divisor of 11 and u?
11
Let a(v) = -v**3 + 5*v**2 + v + 7. Let l = 4 + 1. Let f be a(l). Calculate the greatest common divisor of 108 and f.
12
Let n(s) = 7*s - 29. Let k be n(9). Calculate the greatest common divisor of 102 and k.
34
Suppose z + 24 = 4*z. Let r(d) = -d**3 + 12*d**2 + 2*d - 8. Let l be r(12). What is the highest common factor of z and l?
8
Let m(o) = o**3 - 3*o**2 + 4*o - 3. Let z be m(2). Let f be 1*z/2*10. What is the greatest common factor of 35 and f?
5
Let c = -2 - -4. Suppose -c*r = -0*r - 20. Suppose 2*n = 3*n - r. Calculate the greatest common factor of 5 and n.
5
Suppose -3*k + 9 = -6. Let i(b) = b**3 - 4*b**2 - 2*b - 4. Let z be i(k). What is the highest common factor of 11 and z?
11
Suppose 5*r - 59 = 2*x + 1, 5*x = -4*r + 15. Let p = -10 - -15. Suppose -3*w + 155 = 2*h, 4*w - 375 + p = -5*h. Calculate the highest common factor of h and r.
10
Let q be (-2)/(2 - (-48)/(-26)). Let z = 23 + q. What is the highest common factor of 90 and z?
10
Let h = -201 - -309. Let x = 51 + -39. Calculate the highest common divisor of h and x.
12
Let c = 6 - 8. Let j(l) = 2*l**2 + 2*l - 2. Let n be j(c). Suppose -7*w + 30 = -n*w. Calculate the highest common divisor of w and 4.
2
Suppose o = -4*o + 140. Let a be (1*-4)/4 + o. What is the highest common divisor of a and 9?
9
Let n be 2/11 + (-502)/(-22). Let o(s) = -5*s + 1. Let a be o(-3). Let r = n - a. What is the greatest common divisor of r and 49?
7
Suppose 4*y = o - 2 - 3, y - 4 = -5*o. Suppose l = -3*n - o + 21, 8 = 2*n. What is the greatest common divisor of l and 12?
4
Let x = 39 - 5. What is the highest common factor of 68 and x?
34
Let q be -1 + 2 + -3 - -12. Let s be (45/q)/((-1)/(-10)). What is the highest common factor of 30 and s?
15
Let l be (4*(-45)/(-20))/(2/2). Let o be (-4)/6*(-2 + -4). Let p be (-1)/o - l/(-4). Calculate the highest common divisor of 16 and p.
2
Let l(p) = -111*p + 1. Let m be l(-1). Suppose 3*o = -2*o - 4*n + 96, -2*o = -2*n - 24. What is the highest common factor of m and o?
16
Let q = 0 + 2. Suppose -4 = -4*p - 4*w, -4 = -p + q*w - 0. Suppose -4 = -p*z - 0*z. What is the greatest common factor of z and 8?
2
Suppose -b = 1, 5*g - b - 263 = 2*b. Calculate the highest common divisor of 52 and g.
52
Let a be 4/10 - 7944/10. Let v(s) = 8*s**2 + 1. Let z be v(-1). Let b be z/15 - a/10. What is the greatest common factor of b and 10?
10
Let b(x) = 15*x**2 + 1. Let s be b(2). Let a = 237 - s. What is the greatest common factor of a and 22?
22
Suppose -3*d + 40 = 2*d. Suppose -3*r = -0*r - 9. Suppose 4 = m + r*x, 6 = 5*m + 5*x - 14. What is the greatest common divisor of m and d?
4
Let t(l) be the second derivative of -l**5/10 + 2*l**3/3 + l**2 - 3*l. Let g be t(-3). Let s = 65 - g. What is the highest common divisor of s and 21?
21
Let f(k) = k**3 - 16*k**2 - 32*k - 25. Let i be f(18). What is the highest common factor of i and 376?
47
Let l = 1 + 5. Let h be -3 + -9*(-4)/l. What is the highest common factor of h and 15?
3
Let o(w) = w - 1. Let k be o(2). What is the highest common divisor of k and 10?
1
Let x = 20 - 9. Calculate the greatest common divisor of x and 44.
11
Let x be ((-152)/(-10))/((-1)/(-15)*6). Calculate the highest common factor of 95 and x.
19
Let b = 24 - 6. Let r be 2/4*(-108)/(-6). Calculate the highest common factor of b and r.
9
Let f(k) = -k**2 + 12*k + 25. Let l be f(11). Calculate the highest common divisor of 18 and l.
18
Suppose -3*o + 120 = -0*o. Let a(x) = -x**3 - x**2 + x + 2. Let u be a(-3). Suppose 4*r = -u + 81. What is the highest common divisor of o and r?
8
Suppose -4*f + 35 + 61 = 0. Let d(v) = -10*v + 83. Let i be d(8). Calculate the greatest common divisor of f and i.
3
Suppose 0 = -4*p + 5*m - 9, p - 5*m - 27 = 3*p. Let i be p/(-3*3/12). Calculate the highest common factor of 12 and i.
4
Let k(b) = 9*b - 4. Let q be k(12). Calculate the highest common divisor of 13 and q.
13
Suppose -2*q + 18 = w - 3*q, -2*w = -4*q - 28. Suppose -5*g + 112 = 2*z, 4*g - z - 91 = -4*z. What is the greatest common factor of g and w?
22
Suppose 0*q + 20 = 5*q. Suppose 0*p - 2*p = 0. Suppose p = -5*n + 73 + 7. What is the greatest common divisor of n and q?
4
Let w = 2 + 4. Let j = -29 + 71. What is the greatest common factor of j and w?
6
Let z be 1*(1 + (-83)/(-1)). Let k = -3 - -15. What is